git of 204046387?
8
What is the hundred thousands digit of 53291895?
2
What is the millions digit of 64412550?
4
What is the ten millions digit of 17849079?
1
What is the ten thousands digit of 523995699?
9
What is the millions digit of 81371068?
1
What is the thousands digit of 23901291?
1
What is the ten thousands digit of 523380143?
8
What is the hundred thousands digit of 1059973637?
9
What is the thousands digit of 405189751?
9
What is the hundred thousands digit of 29932249?
9
What is the thousands digit of 59859532?
9
What is the hundreds digit of 820395362?
3
What is the ten thousands digit of 55638686?
3
What is the hundreds digit of 134963137?
1
What is the millions digit of 5067492653?
7
What is the hundred millions digit of 817985253?
8
What is the tens digit of 935266003?
0
What is the millions digit of 3510782?
3
What is the tens digit of 307768982?
8
What is the hundred millions digit of 244018191?
2
What is the hundreds digit of 251074488?
4
What is the millions digit of 968830623?
8
What is the thousands digit of 29199405?
9
What is the hundred millions digit of 636010065?
6
What is the millions digit of 2602528518?
2
What is the units digit of 2714652?
2
What is the hundred millions digit of 1252020775?
2
What is the hundreds digit of 99512038?
0
What is the millions digit of 14507624?
4
What is the ten thousands digit of 287426782?
2
What is the millions digit of 22938687?
2
What is the thousands digit of 3804198973?
8
What is the thousands digit of 9732527?
2
What is the hundred thousands digit of 62786276?
7
What is the ten thousands digit of 89860983?
6
What is the units digit of 1947878574?
4
What is the thousands digit of 6815082915?
2
What is the tens digit of 281959874?
7
What is the hundreds digit of 4559862515?
5
What is the millions digit of 2283541932?
3
What is the tens digit of 42879260?
6
What is the millions digit of 39479766?
9
What is the tens digit of 1182265480?
8
What is the millions digit of 2337016317?
7
What is the hundred thousands digit of 26598035?
5
What is the hundreds digit of 5592898337?
3
What is the hundred thousands digit of 71682124?
6
What is the hundreds digit of 96667310?
3
What is the millions digit of 77351308?
7
What is the hundred thousands digit of 2110175617?
1
What is the millions digit of 322755738?
2
What is the millions digit of 249023620?
9
What is the ten millions digit of 26496151?
2
What is the ten thousands digit of 629246111?
4
What is the ten millions digit of 108360984?
0
What is the units digit of 56464973?
3
What is the tens digit of 955903107?
0
What is the ten millions digit of 11372176?
1
What is the tens digit of 82097462?
6
What is the hundred thousands digit of 1492629111?
6
What is the billions digit of 1018685610?
1
What is the hundred thousands digit of 237502607?
5
What is the ten millions digit of 45179798?
4
What is the hundred thousands digit of 2639604813?
6
What is the tens digit of 5171700?
0
What is the ten thousands digit of 76061934?
6
What is the thousands digit of 81645225?
5
What is the ten millions digit of 39622146?
3
What is the tens digit of 886943873?
7
What is the millions digit of 508165273?
8
What is the ten millions digit of 2167099123?
6
What is the billions digit of 2807858626?
2
What is the units digit of 982756065?
5
What is the hundred millions digit of 817571365?
8
What is the thousands digit of 7566203462?
3
What is the millions digit of 5135407810?
5
What is the billions digit of 4888226399?
4
What is the millions digit of 364242566?
4
What is the ten millions digit of 193453166?
9
What is the millions digit of 19704236?
9
What is the thousands digit of 860440078?
0
What is the millions digit of 238504915?
8
What is the ten thousands digit of 48118909?
1
What is the hundred thousands digit of 144775880?
7
What is the tens digit of 37436136?
3
What is the ten millions digit of 58809613?
5
What is the thousands digit of 28037656?
7
What is the thousands digit of 25818975?
8
What is the hundred millions digit of 6133267139?
1
What is the millions digit of 3357644388?
7
What is the millions digit of 156116818?
6
What is the ten millions digit of 98912161?
9
What is the hundred thousands digit of 271934642?
9
What is the ten millions digit of 3432863892?
3
What is the tens digit of 15986986?
8
What is the thousands digit of 2551597918?
7
What is the hundred thousands digit of 63368481?
3
What is the millions digit of 491616539?
1
What is the ten thousands digit of 73813456?
1
What is the hundred thousands digit of 877905355?
9
What is the hundred thousands digit of 8539841?
5
What is the tens digit of 38270579?
7
What is the billions digit of 1800153158?
1
What is the hundred thousands digit of 10834442?
8
What is the hundreds digit of 562388001?
0
What is the millions digit of 147468253?
7
What is the thousands digit of 2657795101?
5
What is the hundred thousands digit of 54672730?
6
What is the hundred thousands digit of 1690598223?
5
What is the hundred millions digit of 121055119?
1
What is the millions digit of 20814646?
0
What is the tens digit of 66728710?
1
What is the hundreds digit of 138605764?
7
What is the ten thousands digit of 8175979?
7
What is the hundreds digit of 119944172?
1
What is the millions digit of 8528109?
8
What is the tens digit of 1915028045?
4
What is the ten millions digit of 88086643?
8
What is the millions digit of 24765682?
4
What is the ten thousands digit of 98813064?
1
What is the hundred millions digit of 793618226?
7
What is the units digit of 39326191?
1
What is the ten millions digit of 575589040?
7
What is the thousands digit of 292686514?
6
What is the tens digit of 335753475?
7
What is the millions digit of 60537375?
0
What is the hundred millions digit of 257774034?
2
What is the billions digit of 1328192508?
1
What is the ten thousands digit of 7117139?
1
What is the billions digit of 1832958874?
1
What is the hundred millions digit of 1590686954?
5
What is the ten thousands digit of 86232435?
3
What is the millions digit of 554160908?
4
What is the hundred millions digit of 1308917258?
3
What is the hundred thousands digit of 5877105?
8
What is the millions digit of 412749039?
2
What is the thousands digit of 160394544?
4
What is the tens digit of 220493853?
5
What is the ten millions digit of 16498222?
1
What is the thousands digit of 2227693513?
3
What is the millions digit of 442195607?
2
What is the ten thousands digit of 50845642?
4
What is the tens digit of 144620159?
5
What is the ten millions digit of 1423510626?
2
What is the units digit of 2118854498?
8
What is the tens digit of 5491201008?
0
What is the ten millions digit of 3276286633?
7
What is the hundreds digit of 7047458877?
8
What is the millions digit of 2297315592?
7
What is the hundreds digit of 107789104?
1
What is the tens digit of 16161022?
2
What is the tens digit of 188918822?
2
What is the hundreds digit of 977925180?
1
What is the units digit of 43262202?
2
What is the tens digit of 31353728?
2
What is the hundred thousands digit of 2953350483?
3
What is the hundred thousands digit of 73532088?
5
What is the ten thousands digit of 108366790?
6
What is the ten millions digit of 38313937?
3
What is the hundreds digit of 368838681?
6
What is the ten thousands digit of 972792883?
9
What is the ten thousands digit of 23177266?
7
What is the hundreds digit of 164539434?
4
What is the thousands digit of 488447855?
7
What is the thousands digit of 16221797?
1
What is the thousands digit of 3451066278?
6
What is the hundred millions digit of 4199177225?
1
What is the ten millions digit of 1501271587?
0
What is the millions digit of 1996291066?
6
What is the hundreds digit of 4809883?
8
What is the hundred thousands digit of 124163707?
1
What is the millions digit of 195146028?
5
What is the ten thousands digit of 2954211?
5
What is the ten millions digit of 106417260?
0
What is the millions digit of 1797532556?
7
What is the ten thousands digit of 31311898?
1
What is the tens digit of 281793754?
5
What is the millions digit of 211736246?
1
What is the ten millions digit of 65204599?
6
What is the hundred thousands digit of 230946864?
9
What is the tens digit of 55360335?
3
What is the hundreds digit of 1499355645?
6